{"id":30814,"date":"2025-09-12T21:27:14","date_gmt":"2025-09-12T19:27:14","guid":{"rendered":"https:\/\/erboristeria-artemisia.ch\/product\/schwarzer-tee-mit-vanille-100g\/"},"modified":"2025-09-25T16:25:43","modified_gmt":"2025-09-25T14:25:43","slug":"schwarzer-tee-mit-vanille-100g","status":"publish","type":"product","link":"https:\/\/erboristeria-artemisia.ch\/de\/produkt\/schwarzer-tee-mit-vanille-100g\/","title":{"rendered":"Schwarzer Tee mit Vanille 100g"},"content":{"rendered":"<h3 data-start=\"156\" data-end=\"192\">\ud83c\udf3f Schwarzer Tee mit Vanille &#8211; 100g<\/h3>\n<p data-start=\"193\" data-end=\"235\"><strong data-start=\"193\" data-end=\"235\">Klassische Eleganz, umh\u00fcllende S\u00fc\u00dfe<\/strong><\/p>\n<p data-start=\"237\" data-end=\"495\">Lassen Sie sich von der harmonischen Begegnung zwischen der Kraft des schwarzen Tees und der samtigen S\u00fc\u00dfe der Vanille \u00fcberzeugen. Eine raffinierte Mischung f\u00fcr alle, die intensive, aber ausgewogene Aromen lieben. Perfekt f\u00fcr eine entspannende Pause oder einen Nachmittagstee mit exotischem Touch.  <\/p>\n<ul data-start=\"497\" data-end=\"745\">\n<li data-start=\"497\" data-end=\"579\">\n<p data-start=\"499\" data-end=\"579\"><strong data-start=\"499\" data-end=\"518\">Herkunft des Tees:<\/strong> ausgew\u00e4hlt aus wertvollen Plantagen (z.B. Indien, Sri Lanka)<\/p>\n<\/li>\n<li data-start=\"580\" data-end=\"634\">\n<p data-start=\"582\" data-end=\"634\"><strong data-start=\"582\" data-end=\"612\">Nat\u00fcrliches Vanille-Aroma<\/strong>, warm und einh\u00fcllend<\/p>\n<\/li>\n<li data-start=\"635\" data-end=\"670\">\n<p data-start=\"637\" data-end=\"670\">Ausgezeichnet <strong data-start=\"644\" data-end=\"668\">sowohl hei\u00df als auch kalt<\/strong><\/p>\n<\/li>\n<li data-start=\"671\" data-end=\"745\">\n<p data-start=\"673\" data-end=\"745\"><strong data-start=\"687\" data-end=\"695\">100g-Packung<\/strong>, wiederverschlie\u00dfbar, um Frische und Duft zu bewahren<\/p>\n<\/li>\n<\/ul>\n<p data-start=\"747\" data-end=\"848\">\u2728 Ideal zum Genie\u00dfen mit Keksen, Sahnetorten oder einfach nur f\u00fcr sich selbst, f\u00fcr einen ganz eigenen Moment.<\/p>\n","protected":false},"excerpt":{"rendered":"<p>\ud83c\udf3f Schwarzer Tee mit Vanille &#8211; 100g Klassische Eleganz, umh\u00fcllende S\u00fc\u00dfe Lassen Sie sich von der harmonischen Begegnung zwischen der Kraft des schwarzen Tees und der samtigen S\u00fc\u00dfe der Vanille \u00fcberzeugen. Eine raffinierte Mischung f\u00fcr alle, die intensive, aber ausgewogene Aromen lieben. Perfekt f\u00fcr eine entspannende Pause oder einen Nachmittagstee mit exotischem Touch. Herkunft des [&hellip;]<\/p>\n","protected":false},"featured_media":30368,"template":"","meta":{"_et_pb_use_builder":"","_et_pb_old_content":"","_et_gb_content_width":""},"product_brand":[],"product_cat":[93],"product_tag":[],"class_list":{"0":"post-30814","1":"product","2":"type-product","3":"status-publish","4":"has-post-thumbnail","6":"product_cat-schwarzer-tee","8":"first","9":"instock","10":"shipping-taxable","11":"purchasable","12":"product-type-simple"},"yoast_head":"<!-- This site is optimized with the Yoast SEO plugin v27.4 - https:\/\/yoast.com\/product\/yoast-seo-wordpress\/ -->\n<title>Schwarzer Tee mit Vanille 100g - Erboristeria Artemisia<\/title>\n<meta name=\"robots\" content=\"index, follow, max-snippet:-1, max-image-preview:large, max-video-preview:-1\" \/>\n<link rel=\"canonical\" href=\"https:\/\/erboristeria-artemisia.ch\/de\/produkt\/schwarzer-tee-mit-vanille-100g\/\" \/>\n<meta property=\"og:locale\" content=\"de_DE\" \/>\n<meta property=\"og:type\" content=\"article\" \/>\n<meta property=\"og:title\" content=\"Schwarzer Tee mit Vanille 100g - Erboristeria Artemisia\" \/>\n<meta property=\"og:description\" content=\"\ud83c\udf3f Schwarzer Tee mit Vanille &#8211; 100g Klassische Eleganz, umh\u00fcllende S\u00fc\u00dfe Lassen Sie sich von der harmonischen Begegnung zwischen der Kraft des schwarzen Tees und der samtigen S\u00fc\u00dfe der Vanille \u00fcberzeugen. Eine raffinierte Mischung f\u00fcr alle, die intensive, aber ausgewogene Aromen lieben. Perfekt f\u00fcr eine entspannende Pause oder einen Nachmittagstee mit exotischem Touch. Herkunft des [&hellip;]\" \/>\n<meta property=\"og:url\" content=\"https:\/\/erboristeria-artemisia.ch\/de\/produkt\/schwarzer-tee-mit-vanille-100g\/\" \/>\n<meta property=\"og:site_name\" content=\"Erboristeria Artemisia\" \/>\n<meta property=\"article:modified_time\" content=\"2025-09-25T14:25:43+00:00\" \/>\n<meta property=\"og:image\" content=\"https:\/\/erboristeria-artemisia.ch\/wp-content\/uploads\/2025\/09\/Te-nero-con-vaniglia.jpg\" \/>\n\t<meta property=\"og:image:width\" content=\"1600\" \/>\n\t<meta property=\"og:image:height\" content=\"1600\" \/>\n\t<meta property=\"og:image:type\" content=\"image\/jpeg\" \/>\n<meta name=\"twitter:card\" content=\"summary_large_image\" \/>\n<meta name=\"twitter:label1\" content=\"Gesch\u00e4tzte Lesezeit\" \/>\n\t<meta name=\"twitter:data1\" content=\"1\u00a0Minute\" \/>\n<script type=\"application\/ld+json\" class=\"yoast-schema-graph\">{\"@context\":\"https:\\\/\\\/schema.org\",\"@graph\":[{\"@type\":\"WebPage\",\"@id\":\"https:\\\/\\\/erboristeria-artemisia.ch\\\/de\\\/produkt\\\/schwarzer-tee-mit-vanille-100g\\\/\",\"url\":\"https:\\\/\\\/erboristeria-artemisia.ch\\\/de\\\/produkt\\\/schwarzer-tee-mit-vanille-100g\\\/\",\"name\":\"Schwarzer Tee mit Vanille 100g - Erboristeria Artemisia\",\"isPartOf\":{\"@id\":\"https:\\\/\\\/erboristeria-artemisia.ch\\\/de\\\/#website\"},\"primaryImageOfPage\":{\"@id\":\"https:\\\/\\\/erboristeria-artemisia.ch\\\/de\\\/produkt\\\/schwarzer-tee-mit-vanille-100g\\\/#primaryimage\"},\"image\":{\"@id\":\"https:\\\/\\\/erboristeria-artemisia.ch\\\/de\\\/produkt\\\/schwarzer-tee-mit-vanille-100g\\\/#primaryimage\"},\"thumbnailUrl\":\"https:\\\/\\\/erboristeria-artemisia.ch\\\/wp-content\\\/uploads\\\/2025\\\/09\\\/Te-nero-con-vaniglia.jpg\",\"datePublished\":\"2025-09-12T19:27:14+00:00\",\"dateModified\":\"2025-09-25T14:25:43+00:00\",\"breadcrumb\":{\"@id\":\"https:\\\/\\\/erboristeria-artemisia.ch\\\/de\\\/produkt\\\/schwarzer-tee-mit-vanille-100g\\\/#breadcrumb\"},\"inLanguage\":\"de\",\"potentialAction\":[{\"@type\":\"ReadAction\",\"target\":[\"https:\\\/\\\/erboristeria-artemisia.ch\\\/de\\\/produkt\\\/schwarzer-tee-mit-vanille-100g\\\/\"]}]},{\"@type\":\"ImageObject\",\"inLanguage\":\"de\",\"@id\":\"https:\\\/\\\/erboristeria-artemisia.ch\\\/de\\\/produkt\\\/schwarzer-tee-mit-vanille-100g\\\/#primaryimage\",\"url\":\"https:\\\/\\\/erboristeria-artemisia.ch\\\/wp-content\\\/uploads\\\/2025\\\/09\\\/Te-nero-con-vaniglia.jpg\",\"contentUrl\":\"https:\\\/\\\/erboristeria-artemisia.ch\\\/wp-content\\\/uploads\\\/2025\\\/09\\\/Te-nero-con-vaniglia.jpg\",\"width\":1600,\"height\":1600},{\"@type\":\"BreadcrumbList\",\"@id\":\"https:\\\/\\\/erboristeria-artemisia.ch\\\/de\\\/produkt\\\/schwarzer-tee-mit-vanille-100g\\\/#breadcrumb\",\"itemListElement\":[{\"@type\":\"ListItem\",\"position\":1,\"name\":\"Home\",\"item\":\"https:\\\/\\\/erboristeria-artemisia.ch\\\/de\\\/startseite\\\/\"},{\"@type\":\"ListItem\",\"position\":2,\"name\":\"Shop4\",\"item\":\"https:\\\/\\\/erboristeria-artemisia.ch\\\/shop4\\\/\"},{\"@type\":\"ListItem\",\"position\":3,\"name\":\"Schwarzer Tee mit Vanille 100g\"}]},{\"@type\":\"WebSite\",\"@id\":\"https:\\\/\\\/erboristeria-artemisia.ch\\\/de\\\/#website\",\"url\":\"https:\\\/\\\/erboristeria-artemisia.ch\\\/de\\\/\",\"name\":\"Erboristeria Artemisia\",\"description\":\"Ogni sorso \u00e8 un momento per te\",\"potentialAction\":[{\"@type\":\"SearchAction\",\"target\":{\"@type\":\"EntryPoint\",\"urlTemplate\":\"https:\\\/\\\/erboristeria-artemisia.ch\\\/de\\\/?s={search_term_string}\"},\"query-input\":{\"@type\":\"PropertyValueSpecification\",\"valueRequired\":true,\"valueName\":\"search_term_string\"}}],\"inLanguage\":\"de\"}]}<\/script>\n<!-- \/ Yoast SEO plugin. -->","yoast_head_json":{"title":"Schwarzer Tee mit Vanille 100g - Erboristeria Artemisia","robots":{"index":"index","follow":"follow","max-snippet":"max-snippet:-1","max-image-preview":"max-image-preview:large","max-video-preview":"max-video-preview:-1"},"canonical":"https:\/\/erboristeria-artemisia.ch\/de\/produkt\/schwarzer-tee-mit-vanille-100g\/","og_locale":"de_DE","og_type":"article","og_title":"Schwarzer Tee mit Vanille 100g - Erboristeria Artemisia","og_description":"\ud83c\udf3f Schwarzer Tee mit Vanille &#8211; 100g Klassische Eleganz, umh\u00fcllende S\u00fc\u00dfe Lassen Sie sich von der harmonischen Begegnung zwischen der Kraft des schwarzen Tees und der samtigen S\u00fc\u00dfe der Vanille \u00fcberzeugen. Eine raffinierte Mischung f\u00fcr alle, die intensive, aber ausgewogene Aromen lieben. Perfekt f\u00fcr eine entspannende Pause oder einen Nachmittagstee mit exotischem Touch. Herkunft des [&hellip;]","og_url":"https:\/\/erboristeria-artemisia.ch\/de\/produkt\/schwarzer-tee-mit-vanille-100g\/","og_site_name":"Erboristeria Artemisia","article_modified_time":"2025-09-25T14:25:43+00:00","og_image":[{"width":1600,"height":1600,"url":"https:\/\/erboristeria-artemisia.ch\/wp-content\/uploads\/2025\/09\/Te-nero-con-vaniglia.jpg","type":"image\/jpeg"}],"twitter_card":"summary_large_image","twitter_misc":{"Gesch\u00e4tzte Lesezeit":"1\u00a0Minute"},"schema":{"@context":"https:\/\/schema.org","@graph":[{"@type":"WebPage","@id":"https:\/\/erboristeria-artemisia.ch\/de\/produkt\/schwarzer-tee-mit-vanille-100g\/","url":"https:\/\/erboristeria-artemisia.ch\/de\/produkt\/schwarzer-tee-mit-vanille-100g\/","name":"Schwarzer Tee mit Vanille 100g - Erboristeria Artemisia","isPartOf":{"@id":"https:\/\/erboristeria-artemisia.ch\/de\/#website"},"primaryImageOfPage":{"@id":"https:\/\/erboristeria-artemisia.ch\/de\/produkt\/schwarzer-tee-mit-vanille-100g\/#primaryimage"},"image":{"@id":"https:\/\/erboristeria-artemisia.ch\/de\/produkt\/schwarzer-tee-mit-vanille-100g\/#primaryimage"},"thumbnailUrl":"https:\/\/erboristeria-artemisia.ch\/wp-content\/uploads\/2025\/09\/Te-nero-con-vaniglia.jpg","datePublished":"2025-09-12T19:27:14+00:00","dateModified":"2025-09-25T14:25:43+00:00","breadcrumb":{"@id":"https:\/\/erboristeria-artemisia.ch\/de\/produkt\/schwarzer-tee-mit-vanille-100g\/#breadcrumb"},"inLanguage":"de","potentialAction":[{"@type":"ReadAction","target":["https:\/\/erboristeria-artemisia.ch\/de\/produkt\/schwarzer-tee-mit-vanille-100g\/"]}]},{"@type":"ImageObject","inLanguage":"de","@id":"https:\/\/erboristeria-artemisia.ch\/de\/produkt\/schwarzer-tee-mit-vanille-100g\/#primaryimage","url":"https:\/\/erboristeria-artemisia.ch\/wp-content\/uploads\/2025\/09\/Te-nero-con-vaniglia.jpg","contentUrl":"https:\/\/erboristeria-artemisia.ch\/wp-content\/uploads\/2025\/09\/Te-nero-con-vaniglia.jpg","width":1600,"height":1600},{"@type":"BreadcrumbList","@id":"https:\/\/erboristeria-artemisia.ch\/de\/produkt\/schwarzer-tee-mit-vanille-100g\/#breadcrumb","itemListElement":[{"@type":"ListItem","position":1,"name":"Home","item":"https:\/\/erboristeria-artemisia.ch\/de\/startseite\/"},{"@type":"ListItem","position":2,"name":"Shop4","item":"https:\/\/erboristeria-artemisia.ch\/shop4\/"},{"@type":"ListItem","position":3,"name":"Schwarzer Tee mit Vanille 100g"}]},{"@type":"WebSite","@id":"https:\/\/erboristeria-artemisia.ch\/de\/#website","url":"https:\/\/erboristeria-artemisia.ch\/de\/","name":"Erboristeria Artemisia","description":"Ogni sorso \u00e8 un momento per te","potentialAction":[{"@type":"SearchAction","target":{"@type":"EntryPoint","urlTemplate":"https:\/\/erboristeria-artemisia.ch\/de\/?s={search_term_string}"},"query-input":{"@type":"PropertyValueSpecification","valueRequired":true,"valueName":"search_term_string"}}],"inLanguage":"de"}]}},"_links":{"self":[{"href":"https:\/\/erboristeria-artemisia.ch\/de\/wp-json\/wp\/v2\/product\/30814","targetHints":{"allow":["GET"]}}],"collection":[{"href":"https:\/\/erboristeria-artemisia.ch\/de\/wp-json\/wp\/v2\/product"}],"about":[{"href":"https:\/\/erboristeria-artemisia.ch\/de\/wp-json\/wp\/v2\/types\/product"}],"wp:featuredmedia":[{"embeddable":true,"href":"https:\/\/erboristeria-artemisia.ch\/de\/wp-json\/wp\/v2\/media\/30368"}],"wp:attachment":[{"href":"https:\/\/erboristeria-artemisia.ch\/de\/wp-json\/wp\/v2\/media?parent=30814"}],"wp:term":[{"taxonomy":"product_brand","embeddable":true,"href":"https:\/\/erboristeria-artemisia.ch\/de\/wp-json\/wp\/v2\/product_brand?post=30814"},{"taxonomy":"product_cat","embeddable":true,"href":"https:\/\/erboristeria-artemisia.ch\/de\/wp-json\/wp\/v2\/product_cat?post=30814"},{"taxonomy":"product_tag","embeddable":true,"href":"https:\/\/erboristeria-artemisia.ch\/de\/wp-json\/wp\/v2\/product_tag?post=30814"}],"curies":[{"name":"wp","href":"https:\/\/api.w.org\/{rel}","templated":true}]}}

<h3 data-start="156" data-end="192">🌿 Schwarzer Tee mit Vanille &#8211; 100g</h3>
<p data-start="193" data-end="235"><strong data-start="193" data-end="235">Klassische Eleganz, umhüllende Süße</strong></p>
<p data-start="237" data-end="495">Lassen Sie sich von der harmonischen Begegnung zwischen der Kraft des schwarzen Tees und der samtigen Süße der Vanille überzeugen. Eine raffinierte Mischung für alle, die intensive, aber ausgewogene Aromen lieben. Perfekt für eine entspannende Pause oder einen Nachmittagstee mit exotischem Touch.  </p>
<ul data-start="497" data-end="745">
<li data-start="497" data-end="579">
<p data-start="499" data-end="579"><strong data-start="499" data-end="518">Herkunft des Tees:</strong> ausgewählt aus wertvollen Plantagen (z.B. Indien, Sri Lanka)</p>
</li>
<li data-start="580" data-end="634">
<p data-start="582" data-end="634"><strong data-start="582" data-end="612">Natürliches Vanille-Aroma</strong>, warm und einhüllend</p>
</li>
<li data-start="635" data-end="670">
<p data-start="637" data-end="670">Ausgezeichnet <strong data-start="644" data-end="668">sowohl heiß als auch kalt</strong></p>
</li>
<li data-start="671" data-end="745">
<p data-start="673" data-end="745"><strong data-start="687" data-end="695">100g-Packung</strong>, wiederverschließbar, um Frische und Duft zu bewahren</p>
</li>
</ul>
<p data-start="747" data-end="848">✨ Ideal zum Genießen mit Keksen, Sahnetorten oder einfach nur für sich selbst, für einen ganz eigenen Moment.</p>

<p>🌿 Schwarzer Tee mit Vanille &#8211; 100g Klassische Eleganz, umhüllende Süße Lassen Sie sich von der harmonischen Begegnung zwischen der Kraft des schwarzen Tees und der samtigen Süße der Vanille überzeugen. Eine raffinierte Mischung für alle, die intensive, aber ausgewogene Aromen lieben. Perfekt für eine entspannende Pause oder einen Nachmittagstee mit exotischem Touch. Herkunft des [&hellip;]</p>

<!-- This site is optimized with the Yoast SEO plugin v27.4 - https://yoast.com/product/yoast-seo-wordpress/ -->
<title>Schwarzer Tee mit Vanille 100g - Erboristeria Artemisia</title>
<meta name="robots" content="index, follow, max-snippet:-1, max-image-preview:large, max-video-preview:-1" />
<link rel="canonical" href="https://erboristeria-artemisia.ch/de/produkt/schwarzer-tee-mit-vanille-100g/" />
<meta property="og:locale" content="de_DE" />
<meta property="og:type" content="article" />
<meta property="og:title" content="Schwarzer Tee mit Vanille 100g - Erboristeria Artemisia" />
<meta property="og:description" content="🌿 Schwarzer Tee mit Vanille &#8211; 100g Klassische Eleganz, umhüllende Süße Lassen Sie sich von der harmonischen Begegnung zwischen der Kraft des schwarzen Tees und der samtigen Süße der Vanille überzeugen. Eine raffinierte Mischung für alle, die intensive, aber ausgewogene Aromen lieben. Perfekt für eine entspannende Pause oder einen Nachmittagstee mit exotischem Touch. Herkunft des [&hellip;]" />
<meta property="og:url" content="https://erboristeria-artemisia.ch/de/produkt/schwarzer-tee-mit-vanille-100g/" />
<meta property="og:site_name" content="Erboristeria Artemisia" />
<meta property="article:modified_time" content="2025-09-25T14:25:43+00:00" />
<meta property="og:image" content="https://erboristeria-artemisia.ch/wp-content/uploads/2025/09/Te-nero-con-vaniglia.jpg" />
	<meta property="og:image:width" content="1600" />
	<meta property="og:image:height" content="1600" />
	<meta property="og:image:type" content="image/jpeg" />
<meta name="twitter:card" content="summary_large_image" />
<meta name="twitter:label1" content="Geschätzte Lesezeit" />
	<meta name="twitter:data1" content="1 Minute" />
<script type="application/ld+json" class="yoast-schema-graph">{"@context":"https:\/\/schema.org","@graph":[{"@type":"WebPage","@id":"https:\/\/erboristeria-artemisia.ch\/de\/produkt\/schwarzer-tee-mit-vanille-100g\/","url":"https:\/\/erboristeria-artemisia.ch\/de\/produkt\/schwarzer-tee-mit-vanille-100g\/","name":"Schwarzer Tee mit Vanille 100g - Erboristeria Artemisia","isPartOf":{"@id":"https:\/\/erboristeria-artemisia.ch\/de\/#website"},"primaryImageOfPage":{"@id":"https:\/\/erboristeria-artemisia.ch\/de\/produkt\/schwarzer-tee-mit-vanille-100g\/#primaryimage"},"image":{"@id":"https:\/\/erboristeria-artemisia.ch\/de\/produkt\/schwarzer-tee-mit-vanille-100g\/#primaryimage"},"thumbnailUrl":"https:\/\/erboristeria-artemisia.ch\/wp-content\/uploads\/2025\/09\/Te-nero-con-vaniglia.jpg","datePublished":"2025-09-12T19:27:14+00:00","dateModified":"2025-09-25T14:25:43+00:00","breadcrumb":{"@id":"https:\/\/erboristeria-artemisia.ch\/de\/produkt\/schwarzer-tee-mit-vanille-100g\/#breadcrumb"},"inLanguage":"de","potentialAction":[{"@type":"ReadAction","target":["https:\/\/erboristeria-artemisia.ch\/de\/produkt\/schwarzer-tee-mit-vanille-100g\/"]}]},{"@type":"ImageObject","inLanguage":"de","@id":"https:\/\/erboristeria-artemisia.ch\/de\/produkt\/schwarzer-tee-mit-vanille-100g\/#primaryimage","url":"https:\/\/erboristeria-artemisia.ch\/wp-content\/uploads\/2025\/09\/Te-nero-con-vaniglia.jpg","contentUrl":"https:\/\/erboristeria-artemisia.ch\/wp-content\/uploads\/2025\/09\/Te-nero-con-vaniglia.jpg","width":1600,"height":1600},{"@type":"BreadcrumbList","@id":"https:\/\/erboristeria-artemisia.ch\/de\/produkt\/schwarzer-tee-mit-vanille-100g\/#breadcrumb","itemListElement":[{"@type":"ListItem","position":1,"name":"Home","item":"https:\/\/erboristeria-artemisia.ch\/de\/startseite\/"},{"@type":"ListItem","position":2,"name":"Shop4","item":"https:\/\/erboristeria-artemisia.ch\/shop4\/"},{"@type":"ListItem","position":3,"name":"Schwarzer Tee mit Vanille 100g"}]},{"@type":"WebSite","@id":"https:\/\/erboristeria-artemisia.ch\/de\/#website","url":"https:\/\/erboristeria-artemisia.ch\/de\/","name":"Erboristeria Artemisia","description":"Ogni sorso è un momento per te","potentialAction":[{"@type":"SearchAction","target":{"@type":"EntryPoint","urlTemplate":"https:\/\/erboristeria-artemisia.ch\/de\/?s={search_term_string}"},"query-input":{"@type":"PropertyValueSpecification","valueRequired":true,"valueName":"search_term_string"}}],"inLanguage":"de"}]}</script>
<!-- / Yoast SEO plugin. -->

🌿 Schwarzer Tee mit Vanille &#8211; 100g Klassische Eleganz, umhüllende Süße Lassen Sie sich von der harmonischen Begegnung zwischen der Kraft des schwarzen Tees und der samtigen Süße der Vanille überzeugen. Eine raffinierte Mischung für alle, die intensive, aber ausgewogene Aromen lieben. Perfekt für eine entspannende Pause oder einen Nachmittagstee mit exotischem Touch. Herkunft des [&hellip;]

Ogni sorso è un momento per te
